{"id":7,"date":"2023-12-18T13:35:43","date_gmt":"2023-12-18T12:35:43","guid":{"rendered":"https:\/\/teritzhof.digbizmistelbach.info\/teiritzhof\/?page_id=7"},"modified":"2024-03-12T12:32:35","modified_gmt":"2024-03-12T11:32:35","slug":"verein","status":"publish","type":"page","link":"https:\/\/teritzhof.digbizmistelbach.info\/teiritzhof\/verein\/","title":{"rendered":""},"content":{"rendered":"\n<p><\/p>\n\n\n\n<p><\/p>\n\n\n\n<p><\/p>\n\n\n\n<blockquote class=\"wp-block-stackable-blockquote stk-block-blockquote stk-block stk-62cc2c2 is-style-default\" data-v=\"2\" data-block-id=\"62cc2c2\"><div class=\"has-text-align-left stk-block-blockquote__content stk-container stk-62cc2c2-container stk-hover-parent\"><div class=\"stk-block-content stk-inner-blocks\">\n<div class=\"wp-block-stackable-icon stk-block-icon stk-block stk-5565d46\" data-block-id=\"5565d46\"><span class=\"stk--svg-wrapper\"><div class=\"stk--inner-svg\"><svg style=\"height:0;width:0\"><defs><linearGradient id=\"linear-gradient-5565d46\" x1=\"0\" x2=\"100%\" y1=\"0\" y2=\"0\"><stop offset=\"0%\" style=\"stop-opacity:1;stop-color:var(--linear-gradient-5565-d-46-color-1)\"><\/stop><stop offset=\"100%\" style=\"stop-opacity:1;stop-color:var(--linear-gradient-5565-d-46-color-2)\"><\/stop><\/linearGradient><\/defs><\/svg><svg xmlns=\"http:\/\/www.w3.org\/2000\/svg\" viewBox=\"0 0 50 50\" aria-hidden=\"true\" width=\"32\" height=\"32\"><path d=\"M19.8 9.3C10.5 11.8 4.6 17 2.1 24.8c2.3-3.6 5.6-5.4 9.9-5.4 3.3 0 6 1.1 8.3 3.3 2.2 2.2 3.4 5 3.4 8.3 0 3.2-1.1 5.8-3.3 8-2.2 2.2-5.1 3.2-8.7 3.2-3.7 0-6.5-1.2-8.6-3.5C1 36.3 0 33.1 0 29 0 18.3 6.5 11.2 19.6 7.9l.2 1.4zm26.4 0C36.9 11.9 31 17 28.5 24.8c2.2-3.6 5.5-5.4 9.8-5.4 3.2 0 6 1.1 8.3 3.2 2.3 2.2 3.4 4.9 3.4 8.3 0 3.1-1.1 5.8-3.3 7.9-2.2 2.2-5.1 3.3-8.6 3.3-3.7 0-6.6-1.1-8.6-3.4-2.1-2.3-3.1-5.5-3.1-9.7 0-10.7 6.6-17.8 19.7-21.1l.1 1.4z\"><\/path><\/svg><\/div><\/span><\/div>\n\n\n\n<div class=\"wp-block-stackable-text stk-block-text stk-block stk-af5d219\" data-block-id=\"af5d219\"><p class=\"stk-block-text__text\">Herzlich Willkommen auf dem Teiritzhof \u2013 einem Ort, der nicht nur f\u00fcr herausragende Leistungen im Reitsport steht, sondern auch f\u00fcr eine tiefe Verbundenheit und Respekt gegen\u00fcber Iris Murray, die diesen Hof einst zu dem gemacht hat, was er heute ist.<br><br>Der Teiritzhof, ein exklusiver Springstall, wurde im Jahr 2014 von der unvergesslichen Iris Murray \u00fcbernommen. Sie war nicht nur eine talentierte Reiterin, sondern auch eine bemerkenswerte Pers\u00f6nlichkeit, deren Hingabe und Leidenschaft f\u00fcr den Springsport unvergleichlich war. Ihre Liste an Erfolgen ist beeindruckend: Vom Sieg im Casino GP von Ebreichsdorf 2010 bis hin zur Teilnahme an Weltcupspringen und Gro\u00dfen Preisen auf internationalen Turnieren \u2013 Iris hinterlie\u00df Spuren, die weit \u00fcber die Grenzen des Reitsports hinausreichen. Ihre beachtliche Sammlung an Pokalen, Schleifen und Auszeichnungen kann im gem\u00fctlichen Reiterst\u00fcberl vom Teiritzhof bewundert werden.<br><br>Nach dem schmerzlichen Verlust von Iris im September 2022 \u00fcbernahm Werner Magyer den Teiritzhof mit dem Wunsch, die Philosophie und Werte von Iris lebendig zu halten. Unter seiner Leitung ist Balazs &#8222;Barni&#8220; Barnabas f\u00fcr das Stall Management und gemeinsam mit seinem Team Zoltan und Jan f\u00fcr die F\u00fcrsorge der rund 40 Pferde auf der Anlage verantwortlich.<br><br>Der Reitclub Teiritzhof wird von Pia Jacobs, Barbara Kroll und Wilma Schaum\u00fcller im Vorstandsteam betreut. Im Sinne von Iris setzt der Teiritzhof seine Tradition fort, Reiter und ihre Pferde zu f\u00f6rdern und zu trainieren.<br><br>Iris Motto, dass &#8222;Erfolg eine Treppe, und keine T\u00fcr ist&#8220;, bildet weiterhin das Fundament des Teiritzhof. Kontinuierliches Training und die F\u00f6rderung des Springsports stehen nach wie vor im Mittelpunkt des t\u00e4glichen Betriebs.<br><br>Der Teiritzhof bleibt nicht nur ein Ort des Pferdesports, sondern auch ein Ort der Erinnerung und des Respekts in tiefer Verbundenheit mit Iris Murray, die von denjenigen die sie kennen und sch\u00e4tzen gelernt haben, schmerzlich vermisst wird.<\/p><\/div>\n<\/div><\/div><\/blockquote>\n\n\n\n<p><\/p>\n\n\n\n<p><\/p>\n\n\n\n<div class=\"wp-block-stackable-columns stk-block-columns stk-block stk-082cf60 stk-block-background animated fadeInUp\" data-block-id=\"082cf60\"><style>.stk-082cf60{background-color:var(--nv-site-bg) !important;margin-bottom:86px !important}.stk-082cf60:before{background-color:var(--nv-site-bg) !important}<\/style><div class=\"stk-row stk-inner-blocks stk-block-content stk-content-align stk-082cf60-column\">\n<div class=\"wp-block-stackable-column stk-block-column stk-column stk-block stk-f903d55\" data-v=\"4\" data-block-id=\"f903d55\"><div class=\"stk-column-wrapper stk-block-column__content stk-container stk-f903d55-container stk--no-background stk--no-padding\"><div class=\"stk-block-content stk-inner-blocks stk-f903d55-inner-blocks\">\n<div class=\"wp-block-stackable-card stk-block-card stk-block stk-1e0ceef is-style-default\" data-v=\"2\" data-block-id=\"1e0ceef\"><style>.stk-1e0ceef .stk-block-card__image{height:274px !important}.stk-1e0ceef .stk-block-card__image img{transform:scale(0.62) !important}<\/style><div class=\"stk--no-padding stk-container stk-1e0ceef-container stk-hover-parent\"><figure class=\"stk-block-card__image stk-img-wrapper stk-image--shape-stretch\"><img loading=\"lazy\" decoding=\"async\" class=\"stk-img wp-image-1284\" src=\"https:\/\/teritzhof.digbizmistelbach.info\/teiritzhof\/wp-content\/uploads\/2024\/01\/OIP-3.jpg\" width=\"467\" height=\"467\" srcset=\"https:\/\/teritzhof.digbizmistelbach.info\/teiritzhof\/wp-content\/uploads\/2024\/01\/OIP-3.jpg 467w, https:\/\/teritzhof.digbizmistelbach.info\/teiritzhof\/wp-content\/uploads\/2024\/01\/OIP-3-300x300.jpg 300w, https:\/\/teritzhof.digbizmistelbach.info\/teiritzhof\/wp-content\/uploads\/2024\/01\/OIP-3-150x150.jpg 150w\" sizes=\"auto, (max-width: 467px) 100vw, 467px\" \/><\/figure><div class=\"stk-container-padding stk-block-card__content\"><div class=\"stk-block-content stk-inner-blocks has-text-align-center stk-1e0ceef-inner-blocks\">\n<div class=\"wp-block-stackable-heading stk-block-heading stk-block-heading--v2 stk-block stk-e2ee73f\" id=\"mitglied-werden\" data-block-id=\"e2ee73f\"><h2 class=\"stk-block-heading__text\">Mitglied werden<\/h2><\/div>\n\n\n\n<div class=\"wp-block-stackable-text stk-block-text stk-block stk-37e8e6f\" data-block-id=\"37e8e6f\"><p class=\"stk-block-text__text\">Eine Mitgliedschaft im Reitclub Teiritzhof bring viele Vorteile mit sich!<\/p><\/div>\n\n\n\n<div class=\"wp-block-stackable-button-group stk-block-button-group stk-block stk-30b8685\" data-block-id=\"30b8685\"><div class=\"stk-row stk-inner-blocks has-text-align-center stk-block-content stk-button-group\">\n<div class=\"wp-block-stackable-button stk-block-button stk-block stk-a8cf362\" data-block-id=\"a8cf362\"><style>.stk-a8cf362 .stk-button{background:#000000 !important}<\/style><a class=\"stk-link stk-button stk--hover-effect-darken\" href=\"https:\/\/www.noeps.at\/mitgliedschaft\/\"><span class=\"stk-button__inner-text\">Mitglied werden<\/span><\/a><\/div>\n<\/div><\/div>\n<\/div><\/div><\/div><\/div>\n<\/div><\/div><\/div>\n\n\n\n<div class=\"wp-block-stackable-column stk-block-column stk-column stk-block stk-f75c837\" data-v=\"4\" data-block-id=\"f75c837\"><div class=\"stk-column-wrapper stk-block-column__content stk-container stk-f75c837-container stk--no-background stk--no-padding\"><div class=\"stk-block-content stk-inner-blocks stk-f75c837-inner-blocks\">\n<div class=\"wp-block-stackable-card stk-block-card stk-block stk-e729ff1 stk-block-background is-style-default\" data-v=\"2\" data-block-id=\"e729ff1\"><style>.stk-e729ff1-inner-blocks{align-items:center !important}.stk-e729ff1{background-color:#00000045 !important;border-top-left-radius:0px !important;border-top-right-radius:0px !important;border-bottom-right-radius:0px !important;border-bottom-left-radius:0px !important;overflow:hidden !important;box-shadow:none !important;max-width:1187px !important;padding-top:0px !important;padding-right:0px !important;padding-bottom:0px !important;padding-left:0px !important}.stk-e729ff1:before{background-color:#00000045 !important}.stk-e729ff1 .stk-block-card__content{min-height:0px !important}.stk-e729ff1-container{max-width:1076px !important}.stk-e729ff1 .stk-block-card__image{height:282px !important}.stk-e729ff1 .stk-block-card__image img{transform:scale(0.49) !important}<\/style><div class=\"stk--no-padding stk-container stk-e729ff1-container stk-hover-parent\"><figure class=\"stk-block-card__image stk-img-wrapper stk-image--shape-stretch\"><img loading=\"lazy\" decoding=\"async\" class=\"stk-img wp-image-1285\" src=\"https:\/\/teritzhof.digbizmistelbach.info\/teiritzhof\/wp-content\/uploads\/2024\/01\/OIP-4.jpg\" width=\"455\" height=\"455\" srcset=\"https:\/\/teritzhof.digbizmistelbach.info\/teiritzhof\/wp-content\/uploads\/2024\/01\/OIP-4.jpg 455w, https:\/\/teritzhof.digbizmistelbach.info\/teiritzhof\/wp-content\/uploads\/2024\/01\/OIP-4-300x300.jpg 300w, https:\/\/teritzhof.digbizmistelbach.info\/teiritzhof\/wp-content\/uploads\/2024\/01\/OIP-4-150x150.jpg 150w\" sizes=\"auto, (max-width: 455px) 100vw, 455px\" \/><\/figure><div class=\"stk-container-padding stk-block-card__content\"><div class=\"stk-block-content stk-inner-blocks has-text-align-center stk--column-flex stk-e729ff1-inner-blocks\">\n<div class=\"wp-block-stackable-heading stk-block-heading stk-block-heading--v2 stk-block stk-db74add\" id=\"vorstand\" data-block-id=\"db74add\"><h2 class=\"stk-block-heading__text\">Vorstand<\/h2><\/div>\n\n\n\n<div class=\"wp-block-stackable-text stk-block-text stk-block stk-e07b4a4\" data-block-id=\"e07b4a4\"><p class=\"stk-block-text__text\">Hier findest du alle Ansprechpartner und Kontakte.<\/p><\/div>\n\n\n\n<div class=\"wp-block-stackable-button-group stk-block-button-group stk-block stk-864a54f\" data-block-id=\"864a54f\"><div class=\"stk-row stk-inner-blocks stk-block-content stk-button-group\">\n<div class=\"wp-block-stackable-button stk-block-button stk-block stk-8388de4\" data-block-id=\"8388de4\"><style>.stk-8388de4 .stk-button{background:var(--nv-text-color) !important}<\/style><a class=\"stk-link stk-button stk--hover-effect-darken\" href=\"https:\/\/teritzhof.digbizmistelbach.info\/teiritzhof\/vorstand\/\"><span class=\"stk-button__inner-text\">Mehr erfahren<\/span><\/a><\/div>\n<\/div><\/div>\n<\/div><\/div><\/div><\/div>\n<\/div><\/div><\/div>\n\n\n\n<div class=\"wp-block-stackable-column stk-block-column stk-column stk-block stk-2ac1463\" data-v=\"4\" data-block-id=\"2ac1463\"><div class=\"stk-column-wrapper stk-block-column__content stk-container stk-2ac1463-container stk--no-background stk--no-padding\"><div class=\"stk-block-content stk-inner-blocks stk-2ac1463-inner-blocks\">\n<div class=\"wp-block-stackable-card stk-block-card stk-block stk-42b41d7 is-style-default\" data-v=\"2\" data-block-id=\"42b41d7\"><style>.stk-42b41d7 .stk-block-card__image{height:279px !important}.stk-42b41d7 .stk-block-card__image img{transform:scale(0.37) !important}<\/style><div class=\"stk--no-padding stk-container stk-42b41d7-container stk-hover-parent\"><figure class=\"stk-block-card__image stk-img-wrapper stk-image--shape-stretch\"><img loading=\"lazy\" decoding=\"async\" class=\"stk-img wp-image-1286\" src=\"https:\/\/teritzhof.digbizmistelbach.info\/teiritzhof\/wp-content\/uploads\/2024\/01\/OIP-2-2.jpg\" width=\"474\" height=\"474\" srcset=\"https:\/\/teritzhof.digbizmistelbach.info\/teiritzhof\/wp-content\/uploads\/2024\/01\/OIP-2-2.jpg 474w, https:\/\/teritzhof.digbizmistelbach.info\/teiritzhof\/wp-content\/uploads\/2024\/01\/OIP-2-2-300x300.jpg 300w, https:\/\/teritzhof.digbizmistelbach.info\/teiritzhof\/wp-content\/uploads\/2024\/01\/OIP-2-2-150x150.jpg 150w\" sizes=\"auto, (max-width: 474px) 100vw, 474px\" \/><\/figure><div class=\"stk-container-padding stk-block-card__content\"><div class=\"stk-block-content stk-inner-blocks stk-42b41d7-inner-blocks\">\n<div class=\"wp-block-stackable-heading stk-block-heading stk-block-heading--v2 stk-block stk-eccbbb8\" id=\"downloads\" data-block-id=\"eccbbb8\"><h2 class=\"stk-block-heading__text has-text-align-center\">Downloads <\/h2><\/div>\n\n\n\n<div class=\"wp-block-stackable-text stk-block-text stk-block stk-017c62c\" data-block-id=\"017c62c\"><p class=\"stk-block-text__text has-text-align-center\">Beitrittserkl\u00e4rungen, F\u00f6rderantr\u00e4ge, Links zu den Verb\u00e4nden.<\/p><\/div>\n\n\n\n<div class=\"wp-block-stackable-button-group stk-block-button-group stk-block stk-5debdd8\" data-block-id=\"5debdd8\"><div class=\"stk-row stk-inner-blocks has-text-align-center stk-block-content stk-button-group\">\n<div class=\"wp-block-stackable-button stk-block-button has-text-align-center stk-block stk-5dc9022\" data-block-id=\"5dc9022\"><style>.stk-5dc9022 .stk-button{background:var(--nv-text-color) !important}<\/style><a class=\"stk-link stk-button stk--hover-effect-darken\" href=\"\"><span class=\"stk-button__inner-text\">Mehr erfahren<\/span><\/a><\/div>\n<\/div><\/div>\n<\/div><\/div><\/div><\/div>\n<\/div><\/div><\/div>\n<\/div><\/div>\n","protected":false},"excerpt":{"rendered":"<p>Herzlich Willkommen auf dem Teiritzhof \u2013 einem Ort, der nicht nur f\u00fcr herausragende Leistungen im Reitsport steht, sondern auch f\u00fcr eine tiefe Verbundenheit und Respekt gegen\u00fcber Iris Murray, die diesen Hof einst zu dem gemacht hat, was er heute ist. Der Teiritzhof, ein exklusiver Springstall, wurde im Jahr 2014 von der unvergesslichen Iris Murray \u00fcbernommen.&hellip;&nbsp;<a href=\"https:\/\/teritzhof.digbizmistelbach.info\/teiritzhof\/verein\/\" class=\"\" rel=\"bookmark\">Weiterlesen &raquo;<span class=\"screen-reader-text\"><\/span><\/a><\/p>\n","protected":false},"author":1,"featured_media":0,"parent":0,"menu_order":0,"comment_status":"closed","ping_status":"closed","template":"","meta":{"neve_meta_sidebar":"","neve_meta_container":"","neve_meta_enable_content_width":"","neve_meta_content_width":0,"neve_meta_title_alignment":"","neve_meta_author_avatar":"","neve_post_elements_order":"","neve_meta_disable_header":"","neve_meta_disable_footer":"","neve_meta_disable_title":"","pgc_sgb_lightbox_settings":"","footnotes":""},"class_list":["post-7","page","type-page","status-publish","hentry"],"featured_image_urls":{"full":"","thumbnail":"","medium":"","medium_large":"","large":"","1536x1536":"","2048x2048":"","neve-blog":""},"post_excerpt_stackable":"<p>Herzlich Willkommen auf dem Teiritzhof \u2013 einem Ort, der nicht nur f\u00fcr herausragende Leistungen im Reitsport steht, sondern auch f\u00fcr eine tiefe Verbundenheit und Respekt gegen\u00fcber Iris Murray, die diesen Hof einst zu dem gemacht hat, was er heute ist.Der Teiritzhof, ein exklusiver Springstall, wurde im Jahr 2014 von der unvergesslichen Iris Murray \u00fcbernommen. Sie war nicht nur eine talentierte Reiterin, sondern auch eine bemerkenswerte Pers\u00f6nlichkeit, deren Hingabe und Leidenschaft f\u00fcr den Springsport unvergleichlich war. Ihre Liste an Erfolgen ist beeindruckend: Vom Sieg im Casino GP von Ebreichsdorf 2010 bis hin zur Teilnahme an Weltcupspringen und Gro\u00dfen Preisen auf internationalen&hellip;<\/p>\n","category_list":"","author_info":{"name":"24_teritzhof","url":"https:\/\/teritzhof.digbizmistelbach.info\/teiritzhof\/author\/24_teritzhof\/"},"comments_num":"0 comments","_links":{"self":[{"href":"https:\/\/teritzhof.digbizmistelbach.info\/teiritzhof\/wp-json\/wp\/v2\/pages\/7","targetHints":{"allow":["GET"]}}],"collection":[{"href":"https:\/\/teritzhof.digbizmistelbach.info\/teiritzhof\/wp-json\/wp\/v2\/pages"}],"about":[{"href":"https:\/\/teritzhof.digbizmistelbach.info\/teiritzhof\/wp-json\/wp\/v2\/types\/page"}],"author":[{"embeddable":true,"href":"https:\/\/teritzhof.digbizmistelbach.info\/teiritzhof\/wp-json\/wp\/v2\/users\/1"}],"replies":[{"embeddable":true,"href":"https:\/\/teritzhof.digbizmistelbach.info\/teiritzhof\/wp-json\/wp\/v2\/comments?post=7"}],"version-history":[{"count":13,"href":"https:\/\/teritzhof.digbizmistelbach.info\/teiritzhof\/wp-json\/wp\/v2\/pages\/7\/revisions"}],"predecessor-version":[{"id":1398,"href":"https:\/\/teritzhof.digbizmistelbach.info\/teiritzhof\/wp-json\/wp\/v2\/pages\/7\/revisions\/1398"}],"wp:attachment":[{"href":"https:\/\/teritzhof.digbizmistelbach.info\/teiritzhof\/wp-json\/wp\/v2\/media?parent=7"}],"curies":[{"name":"wp","href":"https:\/\/api.w.org\/{rel}","templated":true}]}}